{"id":534,"date":"2026-02-23T13:24:09","date_gmt":"2026-02-23T13:24:09","guid":{"rendered":"https:\/\/olavuon.com\/home\/?page_id=534"},"modified":"2026-02-23T13:28:44","modified_gmt":"2026-02-23T13:28:44","slug":"duong-am-hoa-buoi","status":"publish","type":"page","link":"https:\/\/olavuon.com\/home\/catalog\/duong-am-hoa-buoi\/","title":{"rendered":"D\u01b0\u1ee1ng \u1ea9m Hoa b\u01b0\u1edfi"},"content":{"rendered":"<div class=\"wp-block-uagb-container uagb-block-3ba97cbf alignfull uagb-is-root-container\"><div class=\"uagb-container-inner-blocks-wrap\"><div class=\"wp-block-uagb-container uagb-block-d00a78ff\"><figure class=\"wp-block-image size-large has-custom-border\" style=\"margin-top:0;margin-right:0;margin-bottom:0;margin-left:0\"><img loading=\"lazy\" decoding=\"async\" width=\"1024\" height=\"1024\" src=\"https:\/\/olavuon.com\/wp-content\/uploads\/2026\/02\/Olavuon-logo-1024x1024.png\" alt=\"\" class=\"wp-image-565\" style=\"border-style:none;border-width:0px;border-top-left-radius:20px;border-top-right-radius:20px;border-bottom-left-radius:20px;border-bottom-right-radius:20px;aspect-ratio:1;object-fit:cover\" srcset=\"https:\/\/olavuon.com\/wp-content\/uploads\/2026\/02\/Olavuon-logo-1024x1024.png 1024w, https:\/\/olavuon.com\/wp-content\/uploads\/2026\/02\/Olavuon-logo-300x300.png 300w, https:\/\/olavuon.com\/wp-content\/uploads\/2026\/02\/Olavuon-logo-150x150.png 150w, https:\/\/olavuon.com\/wp-content\/uploads\/2026\/02\/Olavuon-logo-768x768.png 768w, https:\/\/olavuon.com\/wp-content\/uploads\/2026\/02\/Olavuon-logo-1536x1536.png 1536w, https:\/\/olavuon.com\/wp-content\/uploads\/2026\/02\/Olavuon-logo-1320x1321.png 1320w, https:\/\/olavuon.com\/wp-content\/uploads\/2026\/02\/Olavuon-logo-600x600.png 600w, https:\/\/olavuon.com\/wp-content\/uploads\/2026\/02\/Olavuon-logo-100x100.png 100w, https:\/\/olavuon.com\/wp-content\/uploads\/2026\/02\/Olavuon-logo.png 2001w\" sizes=\"auto, (max-width: 1024px) 100vw, 1024px\" \/><\/figure><\/div>\n\n<div class=\"wp-block-uagb-container uagb-block-ed8f72e5\"><h2 class=\"wp-block-heading has-primary-color has-text-color has-link-color has-svn-sunshine-font-family wp-elements-1f5050b72fb10fe0645a7276c8b7b7a9\" style=\"margin-top:0;margin-right:0;margin-bottom:0;margin-left:0;padding-top:0;padding-right:0;padding-bottom:0;padding-left:0;font-size:52px\">D\u01b0\u1ee1ng \u1ea9m Hoa b\u01b0\u1edfi<\/h2>\n\n<p style=\"margin-top:0;margin-bottom:0\"><strong>Th\u00e0nh ph\u1ea7n<\/strong>: N\u01b0\u1edbc c\u1ea5t hoa b\u01b0\u1edfi<br><strong>C\u00f4ng d\u1ee5ng<\/strong>: X\u1ecbt d\u01b0\u1ee1ng \u1ea9m m\u1eb7t. X\u1ecbt t\u00f3c th\u01a1m. Phun s\u01b0\u01a1ng th\u01a1m ph\u00f2ng<br><strong>B\u1ea3o qu\u1ea3n<\/strong>: 12 th\u00e1ng trong ng\u0103n m\u00e1t, 3 th\u00e1ng n\u01a1i tho\u00e1ng m\u00e1t- trong nhi\u1ec7t \u0111\u1ed9 th\u01b0\u1eddng.<\/p>\n\n<h2 class=\"wp-block-heading has-primary-color has-text-color has-link-color has-big-shoulders-font-family wp-elements-7f83da34455dc9d1ef9511336683953c\" style=\"margin-top:0;margin-right:0;margin-bottom:0;margin-left:0;padding-top:var(--wp--preset--spacing--xxx-small);padding-right:0;padding-bottom:var(--wp--preset--spacing--xxx-small);padding-left:0;font-size:30px;font-style:normal;font-weight:300\">100ml\/230.000\u0111<\/h2><\/div><\/div><\/div>","protected":false},"excerpt":{"rendered":"","protected":false},"author":1,"featured_media":0,"parent":220,"menu_order":0,"comment_status":"closed","ping_status":"closed","template":"catalog-single-product","meta":{"inline_featured_image":false,"_uag_custom_page_level_css":"","_swt_meta_header_display":false,"_swt_meta_footer_display":false,"_swt_meta_site_title_display":false,"_swt_meta_sticky_header":false,"_swt_meta_transparent_header":false,"footnotes":""},"class_list":["post-534","page","type-page","status-publish","hentry"],"yoast_head":"<!-- This site is optimized with the Yoast SEO plugin v23.6 - https:\/\/yoast.com\/wordpress\/plugins\/seo\/ -->\n<title>D\u01b0\u1ee1ng \u1ea9m Hoa b\u01b0\u1edfi - Olavuon<\/title>\n<meta name=\"robots\" content=\"index, follow, max-snippet:-1, max-image-preview:large, max-video-preview:-1\" \/>\n<link rel=\"canonical\" href=\"https:\/\/olavuon.com\/home\/catalog\/duong-am-hoa-buoi\/\" \/>\n<meta property=\"og:locale\" content=\"vi_VN\" \/>\n<meta property=\"og:type\" content=\"article\" \/>\n<meta property=\"og:title\" content=\"D\u01b0\u1ee1ng \u1ea9m Hoa b\u01b0\u1edfi - Olavuon\" \/>\n<meta property=\"og:url\" content=\"https:\/\/olavuon.com\/home\/catalog\/duong-am-hoa-buoi\/\" \/>\n<meta property=\"og:site_name\" content=\"Olavuon\" \/>\n<meta property=\"article:modified_time\" content=\"2026-02-23T13:28:44+00:00\" \/>\n<meta name=\"twitter:card\" content=\"summary_large_image\" \/>\n<script type=\"application\/ld+json\" class=\"yoast-schema-graph\">{\"@context\":\"https:\/\/schema.org\",\"@graph\":[{\"@type\":\"WebPage\",\"@id\":\"https:\/\/olavuon.com\/home\/catalog\/duong-am-hoa-buoi\/\",\"url\":\"https:\/\/olavuon.com\/home\/catalog\/duong-am-hoa-buoi\/\",\"name\":\"D\u01b0\u1ee1ng \u1ea9m Hoa b\u01b0\u1edfi - Olavuon\",\"isPartOf\":{\"@id\":\"https:\/\/olavuon.com\/home\/#website\"},\"datePublished\":\"2026-02-23T13:24:09+00:00\",\"dateModified\":\"2026-02-23T13:28:44+00:00\",\"breadcrumb\":{\"@id\":\"https:\/\/olavuon.com\/home\/catalog\/duong-am-hoa-buoi\/#breadcrumb\"},\"inLanguage\":\"vi\",\"potentialAction\":[{\"@type\":\"ReadAction\",\"target\":[\"https:\/\/olavuon.com\/home\/catalog\/duong-am-hoa-buoi\/\"]}]},{\"@type\":\"BreadcrumbList\",\"@id\":\"https:\/\/olavuon.com\/home\/catalog\/duong-am-hoa-buoi\/#breadcrumb\",\"itemListElement\":[{\"@type\":\"ListItem\",\"position\":1,\"name\":\"Home\",\"item\":\"https:\/\/olavuon.com\/home\/\"},{\"@type\":\"ListItem\",\"position\":2,\"name\":\"Catalog\",\"item\":\"https:\/\/olavuon.com\/home\/\"},{\"@type\":\"ListItem\",\"position\":3,\"name\":\"D\u01b0\u1ee1ng \u1ea9m Hoa b\u01b0\u1edfi\"}]},{\"@type\":\"WebSite\",\"@id\":\"https:\/\/olavuon.com\/home\/#website\",\"url\":\"https:\/\/olavuon.com\/home\/\",\"name\":\"Olavuon\",\"description\":\"V\u01b0\u1eddn thu\u1ed1c\",\"publisher\":{\"@id\":\"https:\/\/olavuon.com\/home\/#organization\"},\"potentialAction\":[{\"@type\":\"SearchAction\",\"target\":{\"@type\":\"EntryPoint\",\"urlTemplate\":\"https:\/\/olavuon.com\/home\/?s={search_term_string}\"},\"query-input\":{\"@type\":\"PropertyValueSpecification\",\"valueRequired\":true,\"valueName\":\"search_term_string\"}}],\"inLanguage\":\"vi\"},{\"@type\":\"Organization\",\"@id\":\"https:\/\/olavuon.com\/home\/#organization\",\"name\":\"Olavuon\",\"url\":\"https:\/\/olavuon.com\/home\/\",\"logo\":{\"@type\":\"ImageObject\",\"inLanguage\":\"vi\",\"@id\":\"https:\/\/olavuon.com\/home\/#\/schema\/logo\/image\/\",\"url\":\"https:\/\/olavuon.com\/wp-content\/uploads\/2024\/10\/logo-1.svg\",\"contentUrl\":\"https:\/\/olavuon.com\/wp-content\/uploads\/2024\/10\/logo-1.svg\",\"caption\":\"Olavuon\"},\"image\":{\"@id\":\"https:\/\/olavuon.com\/home\/#\/schema\/logo\/image\/\"}}]}<\/script>\n<!-- \/ Yoast SEO plugin. -->","yoast_head_json":{"title":"D\u01b0\u1ee1ng \u1ea9m Hoa b\u01b0\u1edfi - Olavuon","robots":{"index":"index","follow":"follow","max-snippet":"max-snippet:-1","max-image-preview":"max-image-preview:large","max-video-preview":"max-video-preview:-1"},"canonical":"https:\/\/olavuon.com\/home\/catalog\/duong-am-hoa-buoi\/","og_locale":"vi_VN","og_type":"article","og_title":"D\u01b0\u1ee1ng \u1ea9m Hoa b\u01b0\u1edfi - Olavuon","og_url":"https:\/\/olavuon.com\/home\/catalog\/duong-am-hoa-buoi\/","og_site_name":"Olavuon","article_modified_time":"2026-02-23T13:28:44+00:00","twitter_card":"summary_large_image","schema":{"@context":"https:\/\/schema.org","@graph":[{"@type":"WebPage","@id":"https:\/\/olavuon.com\/home\/catalog\/duong-am-hoa-buoi\/","url":"https:\/\/olavuon.com\/home\/catalog\/duong-am-hoa-buoi\/","name":"D\u01b0\u1ee1ng \u1ea9m Hoa b\u01b0\u1edfi - Olavuon","isPartOf":{"@id":"https:\/\/olavuon.com\/home\/#website"},"datePublished":"2026-02-23T13:24:09+00:00","dateModified":"2026-02-23T13:28:44+00:00","breadcrumb":{"@id":"https:\/\/olavuon.com\/home\/catalog\/duong-am-hoa-buoi\/#breadcrumb"},"inLanguage":"vi","potentialAction":[{"@type":"ReadAction","target":["https:\/\/olavuon.com\/home\/catalog\/duong-am-hoa-buoi\/"]}]},{"@type":"BreadcrumbList","@id":"https:\/\/olavuon.com\/home\/catalog\/duong-am-hoa-buoi\/#breadcrumb","itemListElement":[{"@type":"ListItem","position":1,"name":"Home","item":"https:\/\/olavuon.com\/home\/"},{"@type":"ListItem","position":2,"name":"Catalog","item":"https:\/\/olavuon.com\/home\/"},{"@type":"ListItem","position":3,"name":"D\u01b0\u1ee1ng \u1ea9m Hoa b\u01b0\u1edfi"}]},{"@type":"WebSite","@id":"https:\/\/olavuon.com\/home\/#website","url":"https:\/\/olavuon.com\/home\/","name":"Olavuon","description":"V\u01b0\u1eddn thu\u1ed1c","publisher":{"@id":"https:\/\/olavuon.com\/home\/#organization"},"potentialAction":[{"@type":"SearchAction","target":{"@type":"EntryPoint","urlTemplate":"https:\/\/olavuon.com\/home\/?s={search_term_string}"},"query-input":{"@type":"PropertyValueSpecification","valueRequired":true,"valueName":"search_term_string"}}],"inLanguage":"vi"},{"@type":"Organization","@id":"https:\/\/olavuon.com\/home\/#organization","name":"Olavuon","url":"https:\/\/olavuon.com\/home\/","logo":{"@type":"ImageObject","inLanguage":"vi","@id":"https:\/\/olavuon.com\/home\/#\/schema\/logo\/image\/","url":"https:\/\/olavuon.com\/wp-content\/uploads\/2024\/10\/logo-1.svg","contentUrl":"https:\/\/olavuon.com\/wp-content\/uploads\/2024\/10\/logo-1.svg","caption":"Olavuon"},"image":{"@id":"https:\/\/olavuon.com\/home\/#\/schema\/logo\/image\/"}}]}},"uagb_featured_image_src":{"full":false,"thumbnail":false,"medium":false,"medium_large":false,"large":false,"1536x1536":false,"2048x2048":false,"mailpoet_newsletter_max":false,"woocommerce_thumbnail":false,"woocommerce_single":false,"woocommerce_gallery_thumbnail":false},"uagb_author_info":{"display_name":"dohoang_olavuon","author_link":"https:\/\/olavuon.com\/home\/author\/dohoang_olavuon\/"},"uagb_comment_info":0,"uagb_excerpt":null,"_links":{"self":[{"href":"https:\/\/olavuon.com\/home\/wp-json\/wp\/v2\/pages\/534","targetHints":{"allow":["GET"]}}],"collection":[{"href":"https:\/\/olavuon.com\/home\/wp-json\/wp\/v2\/pages"}],"about":[{"href":"https:\/\/olavuon.com\/home\/wp-json\/wp\/v2\/types\/page"}],"author":[{"embeddable":true,"href":"https:\/\/olavuon.com\/home\/wp-json\/wp\/v2\/users\/1"}],"replies":[{"embeddable":true,"href":"https:\/\/olavuon.com\/home\/wp-json\/wp\/v2\/comments?post=534"}],"version-history":[{"count":4,"href":"https:\/\/olavuon.com\/home\/wp-json\/wp\/v2\/pages\/534\/revisions"}],"predecessor-version":[{"id":539,"href":"https:\/\/olavuon.com\/home\/wp-json\/wp\/v2\/pages\/534\/revisions\/539"}],"up":[{"embeddable":true,"href":"https:\/\/olavuon.com\/home\/wp-json\/wp\/v2\/pages\/220"}],"wp:attachment":[{"href":"https:\/\/olavuon.com\/home\/wp-json\/wp\/v2\/media?parent=534"}],"curies":[{"name":"wp","href":"https:\/\/api.w.org\/{rel}","templated":true}]}}